{"id":15,"date":"2025-11-16T11:54:07","date_gmt":"2025-11-16T11:54:07","guid":{"rendered":"https:\/\/courtealis.fr\/?page_id=15"},"modified":"2025-11-30T21:47:54","modified_gmt":"2025-11-30T21:47:54","slug":"contact","status":"publish","type":"page","link":"https:\/\/courtealis.fr\/index.php\/contact\/","title":{"rendered":"Contact"},"content":{"rendered":"\t\t<div data-elementor-type=\"wp-page\" data-elementor-id=\"15\" class=\"elementor elementor-15\">\n\t\t\t\t<div class=\"elementor-element elementor-element-e794b24 e-flex e-con-boxed e-con e-parent\" data-id=\"e794b24\" data-element_type=\"container\" data-e-type=\"container\">\n\t\t\t\t\t<div class=\"e-con-inner\">\n\t\t\t\t<div class=\"elementor-element elementor-element-54eba63 elementor-widget elementor-widget-text-editor\" data-id=\"54eba63\" data-element_type=\"widget\" data-e-type=\"widget\" data-widget_type=\"text-editor.default\">\n\t\t\t\t\t\t\t\t\t<p>Formulaire de contact<\/p>\t\t\t\t\t\t\t\t<\/div>\n\t\t\t\t\t<\/div>\n\t\t\t\t<\/div>\n\t\t<div class=\"elementor-element elementor-element-1f1a2c9 e-flex e-con-boxed e-con e-parent\" data-id=\"1f1a2c9\" data-element_type=\"container\" data-e-type=\"container\">\n\t\t\t\t\t<div class=\"e-con-inner\">\n\t\t\t\t<div class=\"elementor-element elementor-element-e2fe605 elementor-widget elementor-widget-wpforms\" data-id=\"e2fe605\" data-element_type=\"widget\" data-e-type=\"widget\" data-widget_type=\"wpforms.default\">\n\t\t\t\t<div class=\"elementor-widget-container\">\n\t\t\t\t\t<div class=\"wpforms-container wpforms-container-full wpforms-render-modern\" id=\"wpforms-36\"><form id=\"wpforms-form-36\" class=\"wpforms-validate wpforms-form wpforms-ajax-form\" data-formid=\"36\" method=\"post\" enctype=\"multipart\/form-data\" action=\"\/index.php\/wp-json\/wp\/v2\/pages\/15\" data-token=\"017a7e7472918042a133d16a741d2ba2\" data-token-time=\"1775239495\"><noscript class=\"wpforms-error-noscript\">Please enable JavaScript in your browser to complete this form.<\/noscript><div id=\"wpforms-error-noscript\" style=\"display: none;\">Please enable JavaScript in your browser to complete this form.<\/div><div class=\"wpforms-field-container\"><div id=\"wpforms-36-field_1-container\" class=\"wpforms-field wpforms-field-name\" data-field-id=\"1\"><fieldset><legend class=\"wpforms-field-label\">Nom Pr\u00e9nom <span class=\"wpforms-required-label\" aria-hidden=\"true\">*<\/span><\/legend><div class=\"wpforms-field-row wpforms-field-medium\"><div class=\"wpforms-field-row-block wpforms-first wpforms-one-half\"><input type=\"text\" id=\"wpforms-36-field_1\" class=\"wpforms-field-name-first wpforms-field-required\" name=\"wpforms[fields][1][first]\" aria-errormessage=\"wpforms-36-field_1-error\" required><label for=\"wpforms-36-field_1\" class=\"wpforms-field-sublabel after\">First<\/label><\/div><div class=\"wpforms-field-row-block wpforms-one-half\"><input type=\"text\" id=\"wpforms-36-field_1-last\" class=\"wpforms-field-name-last wpforms-field-required\" name=\"wpforms[fields][1][last]\" aria-errormessage=\"wpforms-36-field_1-last-error\" required><label for=\"wpforms-36-field_1-last\" class=\"wpforms-field-sublabel after\">Last<\/label><\/div><\/div><\/fieldset><\/div><div id=\"wpforms-36-field_2-container\" class=\"wpforms-field wpforms-field-email\" data-field-id=\"2\"><label class=\"wpforms-field-label\" for=\"wpforms-36-field_2\">Email <span class=\"wpforms-required-label\" aria-hidden=\"true\">*<\/span><\/label><input type=\"email\" id=\"wpforms-36-field_2\" class=\"wpforms-field-medium wpforms-field-required\" name=\"wpforms[fields][2]\" spellcheck=\"false\" aria-errormessage=\"wpforms-36-field_2-error\" required><\/div><div id=\"wpforms-36-field_3-container\" class=\"wpforms-field wpforms-field-number\" data-field-id=\"3\"><label class=\"wpforms-field-label\" for=\"wpforms-36-field_3\">T\u00e9l\u00e9phone<\/label><input type=\"number\" id=\"wpforms-36-field_3\" class=\"wpforms-field-small\" name=\"wpforms[fields][3]\" min=\"10\" max=\"10\" step=\"any\" aria-errormessage=\"wpforms-36-field_3-error\" ><\/div>\t\t<div id=\"wpforms-36-field_4-container\"\n\t\t\tclass=\"wpforms-field wpforms-field-text\"\n\t\t\tdata-field-type=\"text\"\n\t\t\tdata-field-id=\"4\"\n\t\t\t>\n\t\t\t<label class=\"wpforms-field-label\" for=\"wpforms-36-field_4\" >Description Nom Pr\u00e9nom<\/label>\n\t\t\t<input type=\"text\" id=\"wpforms-36-field_4\" class=\"wpforms-field-medium\" name=\"wpforms[fields][4]\" >\n\t\t<\/div>\n\t\t<div id=\"wpforms-36-field_5-container\" class=\"wpforms-field wpforms-field-textarea\" data-field-id=\"5\"><label class=\"wpforms-field-label\" for=\"wpforms-36-field_5\">Description<\/label><textarea id=\"wpforms-36-field_5\" class=\"wpforms-field-medium\" name=\"wpforms[fields][5]\" aria-errormessage=\"wpforms-36-field_5-error\" ><\/textarea><\/div><script>\n\t\t\t\t( function() {\n\t\t\t\t\tconst style = document.createElement( 'style' );\n\t\t\t\t\tstyle.appendChild( document.createTextNode( '#wpforms-36-field_4-container { position: absolute !important; overflow: hidden !important; display: inline !important; height: 1px !important; width: 1px !important; z-index: -1000 !important; padding: 0 !important; } #wpforms-36-field_4-container input { visibility: hidden; } #wpforms-conversational-form-page #wpforms-36-field_4-container label { counter-increment: none; }' ) );\n\t\t\t\t\tdocument.head.appendChild( style );\n\t\t\t\t\tdocument.currentScript?.remove();\n\t\t\t\t} )();\n\t\t\t<\/script><\/div><!-- .wpforms-field-container --><div class=\"wpforms-submit-container\" ><input type=\"hidden\" name=\"wpforms[id]\" value=\"36\"><input type=\"hidden\" name=\"page_title\" value=\"\"><input type=\"hidden\" name=\"page_url\" value=\"https:\/\/courtealis.fr\/index.php\/wp-json\/wp\/v2\/pages\/15\"><input type=\"hidden\" name=\"url_referer\" value=\"\"><button type=\"submit\" name=\"wpforms[submit]\" id=\"wpforms-submit-36\" class=\"wpforms-submit\" data-alt-text=\"En cours d&#039;envoi\" data-submit-text=\"Envoyer\" aria-live=\"assertive\" value=\"wpforms-submit\">Envoyer<\/button><img decoding=\"async\" src=\"https:\/\/courtealis.fr\/wp-content\/plugins\/wpforms-lite\/assets\/images\/submit-spin.svg\" class=\"wpforms-submit-spinner\" style=\"display: none;\" width=\"26\" height=\"26\" alt=\"Loading\"><\/div><\/form><\/div>  <!-- .wpforms-container -->\t\t\t\t<\/div>\n\t\t\t\t<\/div>\n\t\t\t\t\t<\/div>\n\t\t\t\t<\/div>\n\t\t\t\t<\/div>\n\t\t","protected":false},"excerpt":{"rendered":"<p>Formulaire de contact Please enable JavaScript in your browser to complete this form.Please enable JavaScript in your browser to complete this form. Nom Pr\u00e9nom * FirstLast Email *T\u00e9l\u00e9phoneDescription Submit<\/p>\n","protected":false},"author":2,"featured_media":0,"parent":0,"menu_order":0,"comment_status":"closed","ping_status":"closed","template":"","meta":{"inspiro_hide_title":false,"footnotes":""},"class_list":["post-15","page","type-page","status-publish","hentry"],"yoast_head":"<!-- This site is optimized with the Yoast SEO plugin v27.0 - https:\/\/yoast.com\/product\/yoast-seo-wordpress\/ -->\n<title>Contact - Courtealis<\/title>\n<meta name=\"robots\" content=\"index, follow, max-snippet:-1, max-image-preview:large, max-video-preview:-1\" \/>\n<link rel=\"canonical\" href=\"https:\/\/courtealis.fr\/index.php\/contact\/\" \/>\n<meta property=\"og:locale\" content=\"en_US\" \/>\n<meta property=\"og:type\" content=\"article\" \/>\n<meta property=\"og:title\" content=\"Contact - Courtealis\" \/>\n<meta property=\"og:description\" content=\"Formulaire de contact Please enable JavaScript in your browser to complete this form.Please enable JavaScript in your browser to complete this form. Nom Pr\u00e9nom * FirstLast Email *T\u00e9l\u00e9phoneDescription Submit\" \/>\n<meta property=\"og:url\" content=\"https:\/\/courtealis.fr\/index.php\/contact\/\" \/>\n<meta property=\"og:site_name\" content=\"Courtealis\" \/>\n<meta property=\"article:modified_time\" content=\"2025-11-30T21:47:54+00:00\" \/>\n<meta property=\"og:image\" content=\"https:\/\/courtealis.fr\/wp-content\/plugins\/wpforms-lite\/assets\/images\/submit-spin.svg\" \/>\n<meta name=\"twitter:card\" content=\"summary_large_image\" \/>\n<script type=\"application\/ld+json\" class=\"yoast-schema-graph\">{\"@context\":\"https:\/\/schema.org\",\"@graph\":[{\"@type\":\"WebPage\",\"@id\":\"https:\/\/courtealis.fr\/index.php\/contact\/\",\"url\":\"https:\/\/courtealis.fr\/index.php\/contact\/\",\"name\":\"Contact - Courtealis\",\"isPartOf\":{\"@id\":\"https:\/\/courtealis.fr\/#website\"},\"primaryImageOfPage\":{\"@id\":\"https:\/\/courtealis.fr\/index.php\/contact\/#primaryimage\"},\"image\":{\"@id\":\"https:\/\/courtealis.fr\/index.php\/contact\/#primaryimage\"},\"thumbnailUrl\":\"https:\/\/courtealis.fr\/wp-content\/plugins\/wpforms-lite\/assets\/images\/submit-spin.svg\",\"datePublished\":\"2025-11-16T11:54:07+00:00\",\"dateModified\":\"2025-11-30T21:47:54+00:00\",\"breadcrumb\":{\"@id\":\"https:\/\/courtealis.fr\/index.php\/contact\/#breadcrumb\"},\"inLanguage\":\"en-US\",\"potentialAction\":[{\"@type\":\"ReadAction\",\"target\":[\"https:\/\/courtealis.fr\/index.php\/contact\/\"]}]},{\"@type\":\"ImageObject\",\"inLanguage\":\"en-US\",\"@id\":\"https:\/\/courtealis.fr\/index.php\/contact\/#primaryimage\",\"url\":\"https:\/\/courtealis.fr\/wp-content\/plugins\/wpforms-lite\/assets\/images\/submit-spin.svg\",\"contentUrl\":\"https:\/\/courtealis.fr\/wp-content\/plugins\/wpforms-lite\/assets\/images\/submit-spin.svg\"},{\"@type\":\"BreadcrumbList\",\"@id\":\"https:\/\/courtealis.fr\/index.php\/contact\/#breadcrumb\",\"itemListElement\":[{\"@type\":\"ListItem\",\"position\":1,\"name\":\"Home\",\"item\":\"https:\/\/courtealis.fr\/\"},{\"@type\":\"ListItem\",\"position\":2,\"name\":\"Contact\"}]},{\"@type\":\"WebSite\",\"@id\":\"https:\/\/courtealis.fr\/#website\",\"url\":\"https:\/\/courtealis.fr\/\",\"name\":\"Courtealis\",\"description\":\"\",\"publisher\":{\"@id\":\"https:\/\/courtealis.fr\/#organization\"},\"potentialAction\":[{\"@type\":\"SearchAction\",\"target\":{\"@type\":\"EntryPoint\",\"urlTemplate\":\"https:\/\/courtealis.fr\/?s={search_term_string}\"},\"query-input\":{\"@type\":\"PropertyValueSpecification\",\"valueRequired\":true,\"valueName\":\"search_term_string\"}}],\"inLanguage\":\"en-US\"},{\"@type\":\"Organization\",\"@id\":\"https:\/\/courtealis.fr\/#organization\",\"name\":\"Courtealis\",\"url\":\"https:\/\/courtealis.fr\/\",\"logo\":{\"@type\":\"ImageObject\",\"inLanguage\":\"en-US\",\"@id\":\"https:\/\/courtealis.fr\/#\/schema\/logo\/image\/\",\"url\":\"https:\/\/courtealis.fr\/wp-content\/uploads\/2026\/03\/cropped-cropped-Logo_sans_fond_1.png\",\"contentUrl\":\"https:\/\/courtealis.fr\/wp-content\/uploads\/2026\/03\/cropped-cropped-Logo_sans_fond_1.png\",\"width\":507,\"height\":409,\"caption\":\"Courtealis\"},\"image\":{\"@id\":\"https:\/\/courtealis.fr\/#\/schema\/logo\/image\/\"}}]}<\/script>\n<!-- \/ Yoast SEO plugin. -->","yoast_head_json":{"title":"Contact - Courtealis","robots":{"index":"index","follow":"follow","max-snippet":"max-snippet:-1","max-image-preview":"max-image-preview:large","max-video-preview":"max-video-preview:-1"},"canonical":"https:\/\/courtealis.fr\/index.php\/contact\/","og_locale":"en_US","og_type":"article","og_title":"Contact - Courtealis","og_description":"Formulaire de contact Please enable JavaScript in your browser to complete this form.Please enable JavaScript in your browser to complete this form. Nom Pr\u00e9nom * FirstLast Email *T\u00e9l\u00e9phoneDescription Submit","og_url":"https:\/\/courtealis.fr\/index.php\/contact\/","og_site_name":"Courtealis","article_modified_time":"2025-11-30T21:47:54+00:00","og_image":[{"url":"https:\/\/courtealis.fr\/wp-content\/plugins\/wpforms-lite\/assets\/images\/submit-spin.svg","type":"","width":"","height":""}],"twitter_card":"summary_large_image","schema":{"@context":"https:\/\/schema.org","@graph":[{"@type":"WebPage","@id":"https:\/\/courtealis.fr\/index.php\/contact\/","url":"https:\/\/courtealis.fr\/index.php\/contact\/","name":"Contact - Courtealis","isPartOf":{"@id":"https:\/\/courtealis.fr\/#website"},"primaryImageOfPage":{"@id":"https:\/\/courtealis.fr\/index.php\/contact\/#primaryimage"},"image":{"@id":"https:\/\/courtealis.fr\/index.php\/contact\/#primaryimage"},"thumbnailUrl":"https:\/\/courtealis.fr\/wp-content\/plugins\/wpforms-lite\/assets\/images\/submit-spin.svg","datePublished":"2025-11-16T11:54:07+00:00","dateModified":"2025-11-30T21:47:54+00:00","breadcrumb":{"@id":"https:\/\/courtealis.fr\/index.php\/contact\/#breadcrumb"},"inLanguage":"en-US","potentialAction":[{"@type":"ReadAction","target":["https:\/\/courtealis.fr\/index.php\/contact\/"]}]},{"@type":"ImageObject","inLanguage":"en-US","@id":"https:\/\/courtealis.fr\/index.php\/contact\/#primaryimage","url":"https:\/\/courtealis.fr\/wp-content\/plugins\/wpforms-lite\/assets\/images\/submit-spin.svg","contentUrl":"https:\/\/courtealis.fr\/wp-content\/plugins\/wpforms-lite\/assets\/images\/submit-spin.svg"},{"@type":"BreadcrumbList","@id":"https:\/\/courtealis.fr\/index.php\/contact\/#breadcrumb","itemListElement":[{"@type":"ListItem","position":1,"name":"Home","item":"https:\/\/courtealis.fr\/"},{"@type":"ListItem","position":2,"name":"Contact"}]},{"@type":"WebSite","@id":"https:\/\/courtealis.fr\/#website","url":"https:\/\/courtealis.fr\/","name":"Courtealis","description":"","publisher":{"@id":"https:\/\/courtealis.fr\/#organization"},"potentialAction":[{"@type":"SearchAction","target":{"@type":"EntryPoint","urlTemplate":"https:\/\/courtealis.fr\/?s={search_term_string}"},"query-input":{"@type":"PropertyValueSpecification","valueRequired":true,"valueName":"search_term_string"}}],"inLanguage":"en-US"},{"@type":"Organization","@id":"https:\/\/courtealis.fr\/#organization","name":"Courtealis","url":"https:\/\/courtealis.fr\/","logo":{"@type":"ImageObject","inLanguage":"en-US","@id":"https:\/\/courtealis.fr\/#\/schema\/logo\/image\/","url":"https:\/\/courtealis.fr\/wp-content\/uploads\/2026\/03\/cropped-cropped-Logo_sans_fond_1.png","contentUrl":"https:\/\/courtealis.fr\/wp-content\/uploads\/2026\/03\/cropped-cropped-Logo_sans_fond_1.png","width":507,"height":409,"caption":"Courtealis"},"image":{"@id":"https:\/\/courtealis.fr\/#\/schema\/logo\/image\/"}}]}},"_links":{"self":[{"href":"https:\/\/courtealis.fr\/index.php\/wp-json\/wp\/v2\/pages\/15","targetHints":{"allow":["GET"]}}],"collection":[{"href":"https:\/\/courtealis.fr\/index.php\/wp-json\/wp\/v2\/pages"}],"about":[{"href":"https:\/\/courtealis.fr\/index.php\/wp-json\/wp\/v2\/types\/page"}],"author":[{"embeddable":true,"href":"https:\/\/courtealis.fr\/index.php\/wp-json\/wp\/v2\/users\/2"}],"replies":[{"embeddable":true,"href":"https:\/\/courtealis.fr\/index.php\/wp-json\/wp\/v2\/comments?post=15"}],"version-history":[{"count":6,"href":"https:\/\/courtealis.fr\/index.php\/wp-json\/wp\/v2\/pages\/15\/revisions"}],"predecessor-version":[{"id":42,"href":"https:\/\/courtealis.fr\/index.php\/wp-json\/wp\/v2\/pages\/15\/revisions\/42"}],"wp:attachment":[{"href":"https:\/\/courtealis.fr\/index.php\/wp-json\/wp\/v2\/media?parent=15"}],"curies":[{"name":"wp","href":"https:\/\/api.w.org\/{rel}","templated":true}]}}